{"id":5,"date":"2022-08-01T10:00:00","date_gmt":"2022-08-01T08:00:00","guid":{"rendered":"https:\/\/1000seen.de\/herbsturlaub\/?page_id=5"},"modified":"2025-09-25T15:03:48","modified_gmt":"2025-09-25T13:03:48","slug":"startseite","status":"publish","type":"page","link":"https:\/\/1000seen.de\/herbsturlaub\/","title":{"rendered":"Indian Summer (Startseite)"},"content":{"rendered":"\n<div class=\"gb-element-e2dda952\">\n<div id=\"dsIbeSearchWidgetContentHolder\">\n  <div id=\"dsIbeWidget\"\n    data-interfaceId=\"mecklenburgische-seenplatte-ng\"\n    data-targethost=\"https:\/\/1000seen.de\/unterkuenfte\/suche\/\"\n    data-ibenghost=\"https:\/\/next.ibe.ds-srv.net\"\n    data-alwayssendinterfaceid=\"true\"\n    data-querymode=\"true\"\n    data-locale=\"de\"\n    data-disableregionselection=\"false\"\n    data-searchregion=\"\"\n    data-searchfilterstring=\"\"\n    data-anchor=\"contentHolder\">\n  <\/div>\n<\/div>\n\n<script>\n  window.addEventListener(\"load\", function() {\n    const s = document.createElement(\"script\");\n    s.src = \"https:\/\/next.ibe.ds-srv.net\/_spa\/ibeng-swloader.js\";\n    s.type = \"module\";\n    s.id = \"dsIbeScript\";\n    document.body.appendChild(s);\n  });\n<\/script>\n<\/div>\n\n\n\n<h2 class=\"gb-text gb-text-f966144e wp-embed-aspect-16-9 wp-has-aspect-ratio\"><em>1000 Seen, eine Natur<\/em><\/h2>\n\n\n\n<div class=\"grid-2 gap-m\">\n<div>\n<p class=\"gb-text wp-embed-aspect-16-9 wp-has-aspect-ratio\">Wenn es im UNESCO Welterbe \u201eAlte Buchenw\u00e4lder\u201c Blattgold regnet und die Kraniche am Himmel trompeten feiert die <strong>Mecklenburgische Seenplatte<\/strong> den <strong>&#8222;Indian Summer&#8220;.<\/strong> Rucksack &amp; Pilzmesser, Fahrrad &amp; Fernglas oder Kanu &amp; Angelrute geh\u00f6ren im Herbst f\u00fcr einen Ausflug in die Natur dazu. In den beschaulichen H\u00e4fen treffen sich Bootsfahrer und Einheimische zum Fischbr\u00f6tchenessen. An den \u00fcber 1000 Seen warten einsame Bootsstege und echte Natur. <strong>Die perfekte Zeit f\u00fcr einen Kurzurlaub<\/strong> in der Mecklenburgischen Seenplatte. <\/p>\n\n\n\n<p class=\"gb-text wp-embed-aspect-16-9 wp-has-aspect-ratio\">Entdecken Sie mit uns die beliebtesten Angebote f\u00fcr Ihren Herbsturlaub!<\/p>\n<\/div>\n\n\n\n<div class=\"gb-element-598cf88b\"><figure class=\"wp-block-embed-youtube wp-block-embed is-type-video is-provider-youtube wp-embed-aspect-16-9 wp-has-aspect-ratio\"><div class=\"lyte-wrapper\" title=\"Herbsturlaub in Mecklenburg-Vorpommern\" style=\"width:560px;max-width:100%;margin:5px auto;\"><div class=\"lyMe\" id=\"WYL_dzJbf_UzGD8\" itemprop=\"video\" itemscope itemtype=\"https:\/\/schema.org\/VideoObject\"><div><meta itemprop=\"thumbnailUrl\" content=\"https:\/\/1000seen.de\/herbsturlaub\/wp-content\/plugins\/wp-youtube-lyte\/lyteCache.php?origThumbUrl=https%3A%2F%2Fi.ytimg.com%2Fvi%2FdzJbf_UzGD8%2Fhqdefault.jpg\" \/><meta itemprop=\"embedURL\" content=\"https:\/\/www.youtube.com\/embed\/dzJbf_UzGD8\" \/><meta itemprop=\"duration\" content=\"PT15S\" \/><meta itemprop=\"uploadDate\" content=\"2025-08-17T09:03:43Z\" \/><\/div><div id=\"lyte_dzJbf_UzGD8\" data-src=\"https:\/\/1000seen.de\/herbsturlaub\/wp-content\/plugins\/wp-youtube-lyte\/lyteCache.php?origThumbUrl=https%3A%2F%2Fi.ytimg.com%2Fvi%2FdzJbf_UzGD8%2Fhqdefault.jpg\" class=\"pL\"><div class=\"tC\"><div class=\"tT\" itemprop=\"name\">Herbsturlaub in Mecklenburg-Vorpommern<\/div><\/div><div class=\"play\"><\/div><div class=\"ctrl\"><div class=\"Lctrl\"><\/div><div class=\"Rctrl\"><\/div><\/div><\/div><noscript><a href=\"https:\/\/youtu.be\/dzJbf_UzGD8\" rel=\"nofollow\"><img loading=\"lazy\" decoding=\"async\" src=\"https:\/\/1000seen.de\/herbsturlaub\/wp-content\/plugins\/wp-youtube-lyte\/lyteCache.php?origThumbUrl=https%3A%2F%2Fi.ytimg.com%2Fvi%2FdzJbf_UzGD8%2F0.jpg\" alt=\"Herbsturlaub in Mecklenburg-Vorpommern\" width=\"560\" height=\"295\" \/><br \/>Dieses Video auf YouTube ansehen<\/a><\/noscript><meta itemprop=\"description\" content=\"Wenn Euch dieses Video gefallen hat, dann vergesst nicht, es zu liken, zu kommentieren oder zu teilen. \ud83e\udde1 \u2705 &quot;Abonniert&quot; uns, um keine neuen Videos zu verpassen! Folgt uns f\u00fcr mehr Inspiration: Facebook: https:\/\/www.facebook.com\/aufnachmv Instagram: https:\/\/www.instagram.com\/aufnachmv\"><\/div><\/div><div class=\"lL\" style=\"max-width:100%;width:560px;margin:5px auto;\"><\/div><figcaption><\/figcaption><\/figure><\/div>\n<\/div>\n\n\n\n<div class=\"section\">\n<h2 class=\"gb-text\">Urlaubsthemen im Herbst<\/h2>\n\n\n\n<div class=\"gb-element-57d7396c grid-3 gap-m\">\n<a class=\"ar-4-3 card gb-element-b6d333eb\" href=\"https:\/\/1000seen.de\/herbsturlaub\/aktiv\/\">\n<img loading=\"lazy\" decoding=\"async\" width=\"768\" height=\"512\" class=\"card--image gb-media-0fe87b29\" alt=\"\" src=\"https:\/\/1000seen.de\/herbsturlaub\/wp-content\/uploads\/sites\/5\/2022\/08\/wandern-herbsturlaub-mecklenburgische-seenplatte-768x512.jpg\" title=\"wandern-herbsturlaub-mecklenburgische-seenplatte\" srcset=\"https:\/\/1000seen.de\/herbsturlaub\/wp-content\/uploads\/sites\/5\/2022\/08\/wandern-herbsturlaub-mecklenburgische-seenplatte-768x512.jpg 768w, https:\/\/1000seen.de\/herbsturlaub\/wp-content\/uploads\/sites\/5\/2022\/08\/wandern-herbsturlaub-mecklenburgische-seenplatte-300x200.jpg 300w, https:\/\/1000seen.de\/herbsturlaub\/wp-content\/uploads\/sites\/5\/2022\/08\/wandern-herbsturlaub-mecklenburgische-seenplatte-1024x683.jpg 1024w, https:\/\/1000seen.de\/herbsturlaub\/wp-content\/uploads\/sites\/5\/2022\/08\/wandern-herbsturlaub-mecklenburgische-seenplatte-1536x1024.jpg 1536w, https:\/\/1000seen.de\/herbsturlaub\/wp-content\/uploads\/sites\/5\/2022\/08\/wandern-herbsturlaub-mecklenburgische-seenplatte.jpg 1920w\" sizes=\"auto, (max-width: 768px) 100vw, 768px\" \/>\n\n\n\n<div class=\"gb-element-aee5135a\" href=\"https:\/\/1000seen.de\/unterkuenfte\/suche\/?sortseed=3&#038;locale=de&#038;t=search&#038;filter.BOOLEAN.PROPERTY_TYPES.cat_apartment=true\">\n<div class=\"gb-element-f34fcb1f\">\n<p class=\"gb-text gb-text-743f80e0\">Aktiv in bunten W\u00e4ldern<\/p>\n\n\n\n<span class=\"gb-shape card--arrow gb-shape-f8049387 link-arrow\"><svg aria-hidden=\"true\" height=\"1em\" width=\"1em\" viewBox=\"0 0 256 512\" xmlns=\"http:\/\/www.w3.org\/2000\/svg\"><path fill=\"currentColor\" d=\"M224.3 273l-136 136c-9.4 9.4-24.6 9.4-33.9 0l-22.6-22.6c-9.4-9.4-9.4-24.6 0-33.9l96.4-96.4-96.4-96.4c-9.4-9.4-9.4-24.6 0-33.9L54.3 103c9.4-9.4 24.6-9.4 33.9 0l136 136c9.5 9.4 9.5 24.6.1 34z\"><\/path><\/svg><\/span>\n<\/div>\n<\/div>\n<\/a>\n\n\n\n<a class=\"ar-4-3 card gb-element-44fa7f1a\" href=\"https:\/\/1000seen.de\/herbsturlaub\/wasser\/\">\n<img loading=\"lazy\" decoding=\"async\" width=\"768\" height=\"512\" class=\"card--image gb-media-bc56ced3\" alt=\"\" src=\"https:\/\/1000seen.de\/herbsturlaub\/wp-content\/uploads\/sites\/5\/2022\/08\/wasserurlaub-mecklenburgische-seenplatte-768x512.jpg\" title=\"wasserurlaub-mecklenburgische-seenplatte\" srcset=\"https:\/\/1000seen.de\/herbsturlaub\/wp-content\/uploads\/sites\/5\/2022\/08\/wasserurlaub-mecklenburgische-seenplatte-768x512.jpg 768w, https:\/\/1000seen.de\/herbsturlaub\/wp-content\/uploads\/sites\/5\/2022\/08\/wasserurlaub-mecklenburgische-seenplatte-300x200.jpg 300w, https:\/\/1000seen.de\/herbsturlaub\/wp-content\/uploads\/sites\/5\/2022\/08\/wasserurlaub-mecklenburgische-seenplatte-1024x683.jpg 1024w, https:\/\/1000seen.de\/herbsturlaub\/wp-content\/uploads\/sites\/5\/2022\/08\/wasserurlaub-mecklenburgische-seenplatte-1536x1024.jpg 1536w, https:\/\/1000seen.de\/herbsturlaub\/wp-content\/uploads\/sites\/5\/2022\/08\/wasserurlaub-mecklenburgische-seenplatte.jpg 1920w\" sizes=\"auto, (max-width: 768px) 100vw, 768px\" \/>\n\n\n\n<div class=\"gb-element-624b73af\" href=\"https:\/\/1000seen.de\/unterkuenfte\/suche\/?sortseed=3&#038;locale=de&#038;t=search&#038;filter.BOOLEAN.PROPERTY_TYPES.cat_apartment=true\">\n<div class=\"gb-element-ceee1ac7\">\n<p class=\"gb-text gb-text-6e07a7e9\">Urlaub am und auf dem Wasser<\/p>\n\n\n\n<span class=\"gb-shape card--arrow gb-shape-9b25902f link-arrow\"><svg aria-hidden=\"true\" height=\"1em\" width=\"1em\" viewBox=\"0 0 256 512\" xmlns=\"http:\/\/www.w3.org\/2000\/svg\"><path fill=\"currentColor\" d=\"M224.3 273l-136 136c-9.4 9.4-24.6 9.4-33.9 0l-22.6-22.6c-9.4-9.4-9.4-24.6 0-33.9l96.4-96.4-96.4-96.4c-9.4-9.4-9.4-24.6 0-33.9L54.3 103c9.4-9.4 24.6-9.4 33.9 0l136 136c9.5 9.4 9.5 24.6.1 34z\"><\/path><\/svg><\/span>\n<\/div>\n<\/div>\n<\/a>\n\n\n\n<a class=\"ar-4-3 card gb-element-b322ef2b\" href=\"https:\/\/1000seen.de\/herbsturlaub\/wildlife\/\">\n<img loading=\"lazy\" decoding=\"async\" width=\"768\" height=\"512\" class=\"card--image gb-media-a28f78d3\" alt=\"\" src=\"https:\/\/1000seen.de\/herbsturlaub\/wp-content\/uploads\/sites\/5\/2022\/08\/kraniche-herbsturlaub-mecklenburgische-seenplatte-768x512.jpg\" title=\"kraniche-herbsturlaub-mecklenburgische-seenplatte\" srcset=\"https:\/\/1000seen.de\/herbsturlaub\/wp-content\/uploads\/sites\/5\/2022\/08\/kraniche-herbsturlaub-mecklenburgische-seenplatte-768x512.jpg 768w, https:\/\/1000seen.de\/herbsturlaub\/wp-content\/uploads\/sites\/5\/2022\/08\/kraniche-herbsturlaub-mecklenburgische-seenplatte-300x200.jpg 300w, https:\/\/1000seen.de\/herbsturlaub\/wp-content\/uploads\/sites\/5\/2022\/08\/kraniche-herbsturlaub-mecklenburgische-seenplatte-1024x683.jpg 1024w, https:\/\/1000seen.de\/herbsturlaub\/wp-content\/uploads\/sites\/5\/2022\/08\/kraniche-herbsturlaub-mecklenburgische-seenplatte-1536x1024.jpg 1536w, https:\/\/1000seen.de\/herbsturlaub\/wp-content\/uploads\/sites\/5\/2022\/08\/kraniche-herbsturlaub-mecklenburgische-seenplatte.jpg 1920w\" sizes=\"auto, (max-width: 768px) 100vw, 768px\" \/>\n\n\n\n<div class=\"gb-element-93db87e6\" href=\"https:\/\/1000seen.de\/unterkuenfte\/suche\/?sortseed=3&#038;locale=de&#038;t=search&#038;filter.BOOLEAN.PROPERTY_TYPES.cat_apartment=true\">\n<div class=\"gb-element-6680d117\">\n<p class=\"gb-text gb-text-590d6cb7\">Wildlife rund um die M\u00fcritz<\/p>\n\n\n\n<span class=\"gb-shape card--arrow gb-shape-bdd759bd link-arrow\"><svg aria-hidden=\"true\" height=\"1em\" width=\"1em\" viewBox=\"0 0 256 512\" xmlns=\"http:\/\/www.w3.org\/2000\/svg\"><path fill=\"currentColor\" d=\"M224.3 273l-136 136c-9.4 9.4-24.6 9.4-33.9 0l-22.6-22.6c-9.4-9.4-9.4-24.6 0-33.9l96.4-96.4-96.4-96.4c-9.4-9.4-9.4-24.6 0-33.9L54.3 103c9.4-9.4 24.6-9.4 33.9 0l136 136c9.5 9.4 9.5 24.6.1 34z\"><\/path><\/svg><\/span>\n<\/div>\n<\/div>\n<\/a>\n\n\n\n<a class=\"ar-4-3 card gb-element-9a70cbbe\" href=\"https:\/\/1000seen.de\/herbsturlaub\/sterne\/\">\n<img loading=\"lazy\" decoding=\"async\" width=\"768\" height=\"512\" class=\"card--image gb-media-8c643405\" alt=\"\" src=\"https:\/\/1000seen.de\/herbsturlaub\/wp-content\/uploads\/sites\/5\/2022\/08\/sternenhimmel-mecklenburgische-schweiz-768x512.jpg\" title=\"sternenhimmel-mecklenburgische-schweiz\" srcset=\"https:\/\/1000seen.de\/herbsturlaub\/wp-content\/uploads\/sites\/5\/2022\/08\/sternenhimmel-mecklenburgische-schweiz-768x512.jpg 768w, https:\/\/1000seen.de\/herbsturlaub\/wp-content\/uploads\/sites\/5\/2022\/08\/sternenhimmel-mecklenburgische-schweiz-300x200.jpg 300w, https:\/\/1000seen.de\/herbsturlaub\/wp-content\/uploads\/sites\/5\/2022\/08\/sternenhimmel-mecklenburgische-schweiz-1024x683.jpg 1024w, https:\/\/1000seen.de\/herbsturlaub\/wp-content\/uploads\/sites\/5\/2022\/08\/sternenhimmel-mecklenburgische-schweiz-1536x1024.jpg 1536w, https:\/\/1000seen.de\/herbsturlaub\/wp-content\/uploads\/sites\/5\/2022\/08\/sternenhimmel-mecklenburgische-schweiz.jpg 1920w\" sizes=\"auto, (max-width: 768px) 100vw, 768px\" \/>\n\n\n\n<div class=\"gb-element-87ad2ce7\" href=\"https:\/\/1000seen.de\/unterkuenfte\/suche\/?sortseed=3&#038;locale=de&#038;t=search&#038;filter.BOOLEAN.PROPERTY_TYPES.cat_apartment=true\">\n<div class=\"gb-element-b423e296\">\n<p class=\"gb-text gb-text-cf90f669\">Funkelnde Sterne<\/p>\n\n\n\n<span class=\"gb-shape card--arrow gb-shape-1df2bec9 link-arrow\"><svg aria-hidden=\"true\" height=\"1em\" width=\"1em\" viewBox=\"0 0 256 512\" xmlns=\"http:\/\/www.w3.org\/2000\/svg\"><path fill=\"currentColor\" d=\"M224.3 273l-136 136c-9.4 9.4-24.6 9.4-33.9 0l-22.6-22.6c-9.4-9.4-9.4-24.6 0-33.9l96.4-96.4-96.4-96.4c-9.4-9.4-9.4-24.6 0-33.9L54.3 103c9.4-9.4 24.6-9.4 33.9 0l136 136c9.5 9.4 9.5 24.6.1 34z\"><\/path><\/svg><\/span>\n<\/div>\n<\/div>\n<\/a>\n\n\n\n<a class=\"ar-4-3 card gb-element-9fc1cdd0\" href=\"https:\/\/1000seen.de\/herbsturlaub\/pilze\/\">\n<img loading=\"lazy\" decoding=\"async\" width=\"768\" height=\"512\" class=\"card--image gb-media-78553f11\" alt=\"\" src=\"https:\/\/1000seen.de\/herbsturlaub\/wp-content\/uploads\/sites\/5\/2022\/08\/pilze-herbsturlaub-mecklenburgische-seenplatte-768x512.jpg\" title=\"pilze-herbsturlaub-mecklenburgische-seenplatte\" srcset=\"https:\/\/1000seen.de\/herbsturlaub\/wp-content\/uploads\/sites\/5\/2022\/08\/pilze-herbsturlaub-mecklenburgische-seenplatte-768x512.jpg 768w, https:\/\/1000seen.de\/herbsturlaub\/wp-content\/uploads\/sites\/5\/2022\/08\/pilze-herbsturlaub-mecklenburgische-seenplatte-300x200.jpg 300w, https:\/\/1000seen.de\/herbsturlaub\/wp-content\/uploads\/sites\/5\/2022\/08\/pilze-herbsturlaub-mecklenburgische-seenplatte-1024x683.jpg 1024w, https:\/\/1000seen.de\/herbsturlaub\/wp-content\/uploads\/sites\/5\/2022\/08\/pilze-herbsturlaub-mecklenburgische-seenplatte-1536x1024.jpg 1536w, https:\/\/1000seen.de\/herbsturlaub\/wp-content\/uploads\/sites\/5\/2022\/08\/pilze-herbsturlaub-mecklenburgische-seenplatte.jpg 1920w\" sizes=\"auto, (max-width: 768px) 100vw, 768px\" \/>\n\n\n\n<div class=\"gb-element-7789d382\" href=\"https:\/\/1000seen.de\/unterkuenfte\/suche\/?sortseed=3&#038;locale=de&#038;t=search&#038;filter.BOOLEAN.PROPERTY_TYPES.cat_apartment=true\">\n<div class=\"gb-element-64c2e5a5\">\n<p class=\"gb-text gb-text-69703ed9\">Erntezeit f\u00fcr Pilze und Fr\u00fcchte<\/p>\n\n\n\n<span class=\"gb-shape card--arrow gb-shape-c8405b97 link-arrow\"><svg aria-hidden=\"true\" height=\"1em\" width=\"1em\" viewBox=\"0 0 256 512\" xmlns=\"http:\/\/www.w3.org\/2000\/svg\"><path fill=\"currentColor\" d=\"M224.3 273l-136 136c-9.4 9.4-24.6 9.4-33.9 0l-22.6-22.6c-9.4-9.4-9.4-24.6 0-33.9l96.4-96.4-96.4-96.4c-9.4-9.4-9.4-24.6 0-33.9L54.3 103c9.4-9.4 24.6-9.4 33.9 0l136 136c9.5 9.4 9.5 24.6.1 34z\"><\/path><\/svg><\/span>\n<\/div>\n<\/div>\n<\/a>\n\n\n\n<a class=\"ar-4-3 card gb-element-c5d37518\" href=\"https:\/\/1000seen.de\/herbsturlaub\/kultur\/\">\n<img loading=\"lazy\" decoding=\"async\" width=\"768\" height=\"512\" class=\"card--image gb-media-a69bf354\" alt=\"\" src=\"https:\/\/1000seen.de\/herbsturlaub\/wp-content\/uploads\/sites\/5\/2022\/08\/kultur-herbsturlaub-mecklenburgische-seenplatte-768x512.jpg\" title=\"kultur-herbsturlaub-mecklenburgische-seenplatte\" srcset=\"https:\/\/1000seen.de\/herbsturlaub\/wp-content\/uploads\/sites\/5\/2022\/08\/kultur-herbsturlaub-mecklenburgische-seenplatte-768x512.jpg 768w, https:\/\/1000seen.de\/herbsturlaub\/wp-content\/uploads\/sites\/5\/2022\/08\/kultur-herbsturlaub-mecklenburgische-seenplatte-300x200.jpg 300w, https:\/\/1000seen.de\/herbsturlaub\/wp-content\/uploads\/sites\/5\/2022\/08\/kultur-herbsturlaub-mecklenburgische-seenplatte-1024x683.jpg 1024w, https:\/\/1000seen.de\/herbsturlaub\/wp-content\/uploads\/sites\/5\/2022\/08\/kultur-herbsturlaub-mecklenburgische-seenplatte-1536x1024.jpg 1536w, https:\/\/1000seen.de\/herbsturlaub\/wp-content\/uploads\/sites\/5\/2022\/08\/kultur-herbsturlaub-mecklenburgische-seenplatte.jpg 1920w\" sizes=\"auto, (max-width: 768px) 100vw, 768px\" \/>\n\n\n\n<div class=\"gb-element-fdc6557f\" href=\"https:\/\/1000seen.de\/unterkuenfte\/suche\/?sortseed=3&#038;locale=de&#038;t=search&#038;filter.BOOLEAN.PROPERTY_TYPES.cat_apartment=true\">\n<div class=\"gb-element-0ed748f0\">\n<p class=\"gb-text gb-text-094a07f4\">Kulturelle H\u00f6hepunkte<\/p>\n\n\n\n<span class=\"gb-shape card--arrow gb-shape-ed46fd79 link-arrow\"><svg aria-hidden=\"true\" height=\"1em\" width=\"1em\" viewBox=\"0 0 256 512\" xmlns=\"http:\/\/www.w3.org\/2000\/svg\"><path fill=\"currentColor\" d=\"M224.3 273l-136 136c-9.4 9.4-24.6 9.4-33.9 0l-22.6-22.6c-9.4-9.4-9.4-24.6 0-33.9l96.4-96.4-96.4-96.4c-9.4-9.4-9.4-24.6 0-33.9L54.3 103c9.4-9.4 24.6-9.4 33.9 0l136 136c9.5 9.4 9.5 24.6.1 34z\"><\/path><\/svg><\/span>\n<\/div>\n<\/div>\n<\/a>\n<\/div>\n<\/div>\n\n\n\n<div class=\"section\">\n<h2 class=\"gb-text\">Arrangements im Herbst<\/h2>\n\n\n\n<div class=\"gb-element-8eddca5f gap-l\">\n<div class=\"gb-element-a85d91c5 grid-2 gap-m\">\n<div class=\"gb-element-36a0540d ar-4-3\">\n<a target=\"_blank\" rel=\"noopener\" href=\"https:\/\/hotel-amsee.net\/arrangements\/kurz-mal-weg-an-see\"><img loading=\"lazy\" decoding=\"async\" width=\"1170\" height=\"878\" class=\"gb-media-ef218e94\" alt=\"Hotel amsee blick auf dem tiefwarensee\" src=\"https:\/\/1000seen.de\/herbsturlaub\/wp-content\/uploads\/sites\/5\/2025\/09\/hotel-amsee_blick-auf-dem-tiefwarensee.jpg\" title=\"hotel-amsee_blick-auf-dem-tiefwarensee\" srcset=\"https:\/\/1000seen.de\/herbsturlaub\/wp-content\/uploads\/sites\/5\/2025\/09\/hotel-amsee_blick-auf-dem-tiefwarensee.jpg 1170w, https:\/\/1000seen.de\/herbsturlaub\/wp-content\/uploads\/sites\/5\/2025\/09\/hotel-amsee_blick-auf-dem-tiefwarensee-300x225.jpg 300w, https:\/\/1000seen.de\/herbsturlaub\/wp-content\/uploads\/sites\/5\/2025\/09\/hotel-amsee_blick-auf-dem-tiefwarensee-1024x768.jpg 1024w, https:\/\/1000seen.de\/herbsturlaub\/wp-content\/uploads\/sites\/5\/2025\/09\/hotel-amsee_blick-auf-dem-tiefwarensee-768x576.jpg 768w\" sizes=\"auto, (max-width: 1170px) 100vw, 1170px\" \/><\/a>\n<\/div>\n\n\n\n<div class=\"gb-element-c6e2a429\">\n<h3 class=\"gb-text gb-headline-h5\"><a href=\"https:\/\/hotel-amsee.net\/arrangements\/kurz-mal-weg-an-see\" target=\"_blank\" rel=\"noopener\" title=\"\">Kurz-Mal-Weg im SPA Hotel Amsee<\/a><\/h3>\n\n\n\n<p class=\"gb-text\">G\u00f6nnen Sie sich erholsame Tage im <strong>SPA Hotel Amsee<\/strong> in der Mecklenburgischen Seenplatte. Starten Sie mit einer Flasche Wein zur Begr\u00fc\u00dfung, lassen Sie sich bei einer wohltuenden R\u00fcckenmassage verw\u00f6hnen und genie\u00dfen Sie die Ruhe direkt am Wasser. Entspannung pur erwartet Sie im 1.000 m\u00b2 gro\u00dfen SPA-Bereich mit Pool- und Saunalandschaft.<\/p>\n\n\n\n<p class=\"gb-text\"><strong>3 N\u00e4chte inkl. Fr\u00fchst\u00fcck, R\u00fcckenmassage, Wein zur Begr\u00fc\u00dfung &amp; Nutzung des 1.000 m\u00b2 SPA. Ab 239 \u20ac p. P.<\/strong><\/p>\n\n\n\n<a class=\"gb-text gb-text-89a841c1 gb-button\" href=\"https:\/\/hotel-amsee.net\/arrangements\/kurz-mal-weg-an-see\" target=\"_blank\" rel=\"noopener\">Zum Angebot<\/a>\n<\/div>\n<\/div>\n<\/div>\n<\/div>\n\n\n\n<div class=\"section\">\n<h2 class=\"gb-text\">Ausflugstipps in der Seenplatte<\/h2>\n\n\n\n<div class=\"gb-element-c5143760 gap-l\">\n<div class=\"gb-element-8058cbbd grid-2 gap-m\">\n<div class=\"gb-element-28d24f0a\">\n<h3 class=\"gb-text gb-headline-h5\"><a data-type=\"page\" data-id=\"321\" href=\"https:\/\/1000seen.de\/herbsturlaub\/ausflugstipps\/\" target=\"_blank\" rel=\"noreferrer noopener\"><\/a><a href=\"https:\/\/1000seen.de\/herbsturlaub\/ausflugstipps\/\" title=\"\u00d6PNV-Ausflugstipps in der Seenplatte\"><strong>Auf Entdeckungstour mit Bahn und Bus<\/strong><\/a><\/h3>\n\n\n\n<p class=\"gb-text\"><strong>Ohne Auto mobil<\/strong>&nbsp;sein und per Bahn und Bus einen&nbsp;<strong>Tagesausflug in der Seenplatte<\/strong>&nbsp;unternehmen. Hier finden Sie Empfehlungen f\u00fcr Ausflugsziele im Herbst und wichtige Hinweise zur Nutzung der \u00f6ffentlichen Verkehrsmittel.<\/p>\n\n\n\n<a class=\"gb-text gb-text-b5bf1ae0 gb-button\" href=\"https:\/\/1000seen.de\/herbsturlaub\/ausflugstipps\/\" aria-label=\"\u00d6PNV-Ausflugstipps in der Seenplatte\" title=\"\u00d6PNV-Ausflugstipps in der Seenplatte\">Ausflugstipps entdecken<\/a>\n<\/div>\n\n\n\n<div class=\"gb-element-4a2dc08a ar-4-3\">\n<a href=\"https:\/\/1000seen.de\/herbsturlaub\/ausflugstipps\/\" rel=\"\u00d6PNV-Ausflugstipps in der Seenplatte\"><img loading=\"lazy\" decoding=\"async\" width=\"768\" height=\"512\" class=\"gb-media-b2ce5b5a\" alt=\"\u00d6PNV-Ausflugstipps in der Seenplatte\" src=\"https:\/\/1000seen.de\/herbsturlaub\/wp-content\/uploads\/sites\/5\/2022\/08\/familienausflug-herbsturlaub-mecklenburgische-seenplatte-768x512.jpg\" aria-label=\"\u00d6PNV-Ausflugstipps in der Seenplatte\" title=\"\u00d6PNV-Ausflugstipps in der Seenplatte\" srcset=\"https:\/\/1000seen.de\/herbsturlaub\/wp-content\/uploads\/sites\/5\/2022\/08\/familienausflug-herbsturlaub-mecklenburgische-seenplatte-768x512.jpg 768w, https:\/\/1000seen.de\/herbsturlaub\/wp-content\/uploads\/sites\/5\/2022\/08\/familienausflug-herbsturlaub-mecklenburgische-seenplatte-300x200.jpg 300w, https:\/\/1000seen.de\/herbsturlaub\/wp-content\/uploads\/sites\/5\/2022\/08\/familienausflug-herbsturlaub-mecklenburgische-seenplatte-1024x683.jpg 1024w, https:\/\/1000seen.de\/herbsturlaub\/wp-content\/uploads\/sites\/5\/2022\/08\/familienausflug-herbsturlaub-mecklenburgische-seenplatte-1536x1024.jpg 1536w, https:\/\/1000seen.de\/herbsturlaub\/wp-content\/uploads\/sites\/5\/2022\/08\/familienausflug-herbsturlaub-mecklenburgische-seenplatte.jpg 1920w\" sizes=\"auto, (max-width: 768px) 100vw, 768px\" \/><\/a>\n<\/div>\n<\/div>\n\n\n\n\n<\/div>\n<\/div>\n","protected":false},"excerpt":{"rendered":"<p>Wenn es im UNESCO Welterbe \u201eAlte Buchenw\u00e4lder\u201c Blattgold regnet und die Kraniche am Himmel trompeten feiert die Mecklenburgische Seenplatte den &#8222;Indian Summer&#8220;. <\/p>\n","protected":false},"author":1,"featured_media":921,"parent":0,"menu_order":0,"comment_status":"closed","ping_status":"closed","template":"","meta":{"slim_seo":{"title":"Herbsturlaub Mecklenburgische Seenplatte - Zum Indian Summer ins Land der 1000 Seen","description":"Wenn es im UNESCO Welterbe \u201eAlte Buchenw\u00e4lder\u201c Blattgold regnet und die Kraniche am Himmel trompeten feiert die Mecklenburgische Seenplatte den \"Indian Summer\"."},"footnotes":""},"categories":[],"class_list":["post-5","page","type-page","status-publish","has-post-thumbnail"],"_links":{"self":[{"href":"https:\/\/1000seen.de\/herbsturlaub\/wp-json\/wp\/v2\/pages\/5","targetHints":{"allow":["GET"]}}],"collection":[{"href":"https:\/\/1000seen.de\/herbsturlaub\/wp-json\/wp\/v2\/pages"}],"about":[{"href":"https:\/\/1000seen.de\/herbsturlaub\/wp-json\/wp\/v2\/types\/page"}],"author":[{"embeddable":true,"href":"https:\/\/1000seen.de\/herbsturlaub\/wp-json\/wp\/v2\/users\/1"}],"replies":[{"embeddable":true,"href":"https:\/\/1000seen.de\/herbsturlaub\/wp-json\/wp\/v2\/comments?post=5"}],"version-history":[{"count":12,"href":"https:\/\/1000seen.de\/herbsturlaub\/wp-json\/wp\/v2\/pages\/5\/revisions"}],"predecessor-version":[{"id":1724,"href":"https:\/\/1000seen.de\/herbsturlaub\/wp-json\/wp\/v2\/pages\/5\/revisions\/1724"}],"wp:featuredmedia":[{"embeddable":true,"href":"https:\/\/1000seen.de\/herbsturlaub\/wp-json\/wp\/v2\/media\/921"}],"wp:attachment":[{"href":"https:\/\/1000seen.de\/herbsturlaub\/wp-json\/wp\/v2\/media?parent=5"}],"wp:term":[{"taxonomy":"category","embeddable":true,"href":"https:\/\/1000seen.de\/herbsturlaub\/wp-json\/wp\/v2\/categories?post=5"}],"curies":[{"name":"wp","href":"https:\/\/api.w.org\/{rel}","templated":true}]}}